3*n + 2*h = 224, -h + 260 = 4*n - 32. Calculate the highest common divisor of 24 and n.
24
Let x = 160 + -96. Let f(s) = -s**3 - 5*s**2 - 7. Let w be f(-5). Let i = w + 15. Calculate the greatest common divisor of x and i.
8
Suppose b + 3*w = -1 - 9, -b + 3*w + 14 = 0. Suppose -4*c + b*c + 32 = 0. Let a(u) = 5*u - 4. Let x be a(4). Calculate the greatest common divisor of c and x.
16
Let d(n) = 7*n + 20. Let r be d(-10). Let c = r - -88. What is the highest common divisor of c and 57?
19
Let d(c) = -2*c + 8. Let z be d(-10). Let j = 1 + z. Calculate the highest common divisor of 261 and j.
29
Suppose -5*o - 9 = -29. Suppose 7*q = o*q + 60. Suppose -2*z = 42 - 242. What is the highest common divisor of q and z?
20
Suppose u - 45 = -5*f, 0 = 3*u - 3*f - 25 - 20. Calculate the greatest common factor of u and 30.
10
Let j = 4 - 3. Suppose 5*b - j = 4. What is the highest common factor of 11 and b?
1
Let j be 1/(-2 + 0 - -1). Let i(f) = -f + 1. Let d be i(j). Let a(x) = x + 10. Let c be a(-8). What is the highest common factor of d and c?
2
Let f be (95/15 + -5)*9. Suppose 2*l = l + 60. Calculate the highest common divisor of f and l.
12
Suppose 4 = 4*d + 2*m - 8, 5*m - 5 = -5*d. Let u(f) = f - 8. Let c be u(d). Let i be c*2*3/(-9). What is the highest common factor of 5 and i?
1
Suppose 2*l + d = l - 29, d = -5. Let a = l + 79. Suppose 4*v = w + 2*w + a, -2*w = -2*v + 26. What is the greatest common factor of v and 2?
2
Let v(c) = -c + 921. Let h be v(0). Let g be (-2)/10 + h/5. What is the greatest common factor of 23 and g?
23
Let r = 145 - 101. Suppose d = -1 - 1. Let h be d - (-1 + 3)*-3. Calculate the highest common factor of h and r.
4
Let g be (0 + -1)/(49/(-24) - -2). Calculate the greatest common divisor of 6 and g.
6
Let j be ((-9)/(-2))/((-6)/(-8)). Let s(d) = 4*d - 8. Let q be s(j). What is the highest common factor of q and 40?
8
Let k(z) = 4*z**2 - 12*z - 4. Let l be k(4). What is the highest common factor of l and 252?
12
Let a be -22*2/(-8)*2. What is the greatest common divisor of 11 and a?
11
Let f be (4/(-10))/((-3)/30). Let k be (0 - 1)/((-4)/12). Suppose -3*n - 4*z = -43 + 1, -5*n - k*z + 59 = 0. Calculate the greatest common factor of n and f.
2
Suppose 5*s + 15 = 0, -4*s - 26 = -3*v + v. Let c be (-1411)/9 + 4/(-18). Let q = c - -234. What is the greatest common divisor of q and v?
7
Let d(z) = 4*z - 4. Let p be d(5). Let x(j) = 63*j**2 + j. Let s be x(1). What is the greatest common factor of p and s?
16
Let t(j) = -j**2 + 8*j + 7. Let l(v) = v**2 + 13*v + 17. Let n be l(-12). Let z be t(n). What is the greatest common divisor of z and 2?
2
Suppose -78 = -2*x + 3*i, 0 = -4*x - 2*i + 46 + 78. What is the greatest common divisor of 3 and x?
3
Let x be 2/((-2)/(-5)) + -1. Suppose -5 = k - 1, x*k = 5*q - 51. What is the highest common factor of 1 and q?
1
Let r = 5 - 4. Let t be (r - -6)*(-1 + 16). Let f(i) = -i + 7. Let u be f(-8). Calculate the highest common factor of u and t.
15
Let b(t) = 4 - t - 3 + 1. Let y be b(-6). Suppose 2*d + 2*d = y. What is the greatest common divisor of 5 and d?
1
Suppose 36 = -4*q + 92. Calculate the highest common factor of 112 and q.
14
Suppose -3*c = 5*w + 2*c - 135, 4*w - 88 = c. Calculate the highest common factor of w and 92.
23
Suppose 45 - 7 = 2*m + 5*k, -5*m + k + 41 = 0. Let f be (-259)/m - (-4)/(-18). Let t = 1 - f. What is the highest common divisor of 6 and t?
6
Suppose -4*z - 12 = -60. Calculate the greatest common factor of 6 and z.
6
Let n be 1/((27/(-30))/(-9)). Let d = -8 - -58. What is the greatest common divisor of n and d?
10
Let w = 4 + -4. Suppose 3*v = -7*a + 4*a + 45, w = -2*v. Suppose 21 = 5*r + 6. What is the greatest common divisor of a and r?
3
Let s be (-4)/(-2) + (22 - 3). Let n = s - 12. Let h(r) = -r**2 - r + 99. Let j be h(0). What is the greatest common divisor of j and n?
9
Suppose 2*n + 3*t - 18 = 0, 3*n = -3*t - 4 + 25. Suppose -2*y - 58 = -4*y - 2*z, -4*y + 95 = -n*z. Calculate the highest common factor of y and 13.
13
Suppose -d + 6*d = 0. Suppose d = -h - 2*v + 4, v + 3 = -0*v. Calculate the greatest common divisor of h and 15.
5
Let k(t) = 4*t + 4. Let y be k(4). Calculate the greatest common divisor of 20 and y.
20
Suppose 15 = -5*a + 3*u + 74, 4*a - 54 = -u. What is the greatest common factor of 13 and a?
13
Let l be ((-9)/(-2))/((-3)/(-88)). Calculate the greatest common factor of l and 12.
12
Let g = 2 - -91. What is the greatest common divisor of 31 and g?
31
Suppose -3*x + 34 = -x - 4*n, -5*x + 4*n = -55. Suppose 2*f - 121 = -3*j, 0 = -2*f - 2*j + 5*j + 103. Calculate the greatest common divisor of x and f.
7
Suppose -s - 3 + 0 = 0. Let c be 11 - (1 + s) - 2. Let j = 164 + -43. What is the greatest common divisor of j and c?
11
Let i(q) = 2*q + 6. Let v(d) = d + 7. Let p(n) = 4*i(n) - 3*v(n). Let j be p(3). Suppose 5*r = 655 - 205. What is the highest common divisor of r and j?
18
Let a = 152 + -127. What is the highest common divisor of 5 and a?
5
Let o = 44 + -22. Calculate the highest common divisor of 110 and o.
22
Let w be (-1)/(((-10)/(-6))/5). Suppose -9 = -4*j + 5*j. Let n = w - j. Calculate the greatest common divisor of 3 and n.
3
Suppose 5*s - 87 = 3. Calculate the greatest common factor of 63 and s.
9
Suppose -n = 4*g - 12, 5*n - g = 61 - 1. Calculate the greatest common factor of 36 and n.
12
Suppose 0 = 2*a - 3*a + 5. Suppose b = a*b - 160. Calculate the highest common divisor of b and 10.
10
Let g be (-32)/(0 - -4)*-9. Suppose -2*y + 0*y = -3*n + g, -5*n + y = -113. Calculate the greatest common divisor of 11 and n.
11
Let m be (-858)/(-14) - (-4)/(-14). Suppose -1 = 5*l - m. Suppose -5*s - 1 = 19, -3*v + 16 = 5*s. Calculate the greatest common divisor of l and v.
12
Suppose 0 = 5*t + 18 - 48. What is the greatest common divisor of 1 and t?
1
Suppose 7*g = 8*g - 36. Calculate the greatest common divisor of g and 6.
6
Let n(t) = -t**2 + t + 17. Let z be n(0). What is the greatest common factor of z and 136?
17
Let g be 6/1 - (-14)/7. Let z be 4/(-14) + 116/14. What is the greatest common divisor of g and z?
8
Let d = 27 - 7. Let z(r) = 2*r - 6. Let c be z(6). Let y(i) = i**2 - 5*i - 2. Let w be y(c). What is the greatest common factor of d and w?
4
Suppose 63 = 3*g - 2*g. Let i(j) be the first derivative of 2*j**3/3 - j**2/2 - j + 1. Let t be i(-2). What is the highest common factor of g and t?
9
Let p be ((-24)/20)/((-2)/50). What is the highest common divisor of p and 150?
30
Let h = -8 - -11. Suppose o - 4*o + 6 = 0. Suppose 0*j - o*j + 66 = 0. Calculate the highest common factor of j and h.
3
Let s = 37 + -30. Calculate the greatest common divisor of s and 14.
7
Let s be (-1 + 2 + 1)*2. Suppose 0*z = -2*z - 4*y, 0 = -2*z + s*y + 16. Calculate the greatest common factor of z and 44.
4
Let l be (-2345)/(-63) - 2/9. Calculate the greatest common factor of l and 185.
37
Suppose q - 151 = -5*u - 0*q, 2*u - 2*q - 58 = 0. Calculate the greatest common divisor of 40 and u.
10
Suppose 9*l = 7*l + 84. What is the greatest common divisor of 14 and l?
14
Suppose -4*k - k = -185. Let w = -26 + k. Calculate the greatest common divisor of w and 77.
11
Let p(h) = -17*h**3 - 2*h**2 - 2*h - 1. Let b be p(-1). Suppose -2*x + 1 = 3*d - 142, 2*x - 108 = 4*d. Calculate the highest common divisor of x and b.
16
Suppose 18*s + 540 = 33*s. What is the highest common divisor of s and 60?
12
Let q = 29 + -20. Let f = 21 - 20. Suppose -q + f = -t. What is the highest common factor of 32 and t?
8
Let d(y) = -2*y - y + 1 - y - 6. Let h be d(-5). What is the greatest common factor of h and 15?
15
Let h(y) = -2*y**2 + 23*y - 11. Let v be h(7). What is the highest common factor of 104 and v?
52
Let o be 2 + 3*(-4)/6. Let r be (o - 1)/((-3)/18). Suppose r = 3*a - 0. Calculate the highest common divisor of 1 and a.
1
Suppose -b + 4*q + 20 - 4 = 0, 4*q = 0. Let s = -7 + b. What is the greatest common factor of s and 3?
3
Let a = 24 + -16. What is the highest common factor of 16 and a?
8
Let d be 9/6*10/3. Suppose -d*i + 70 = v - 0*v, 3*v - 5*i = 170. What is the greatest common factor of 24 and v?
12
Let r = -11 - -33. Calculate the highest common divisor of 88 and r.
22
Suppose -7*r + 2*r = 20, 3*z - 110 = 2*r. What is the highest common factor of 34 and z?
34